{"id":176,"date":"2025-10-08T17:42:29","date_gmt":"2025-10-08T17:42:29","guid":{"rendered":"https:\/\/cvltp.fr\/?page_id=176"},"modified":"2025-10-12T17:54:03","modified_gmt":"2025-10-12T17:54:03","slug":"membres-du-bureau","status":"publish","type":"page","link":"https:\/\/cvltp.fr\/?page_id=176","title":{"rendered":"membres du bureau"},"content":{"rendered":"\n<!DOCTYPE html>\n<html lang=\"fr\">\n<head>\n  <meta charset=\"UTF-8\">\n  <title>Organigramme du CVLTP<\/title>\n  <style>\n    body {\n      font-family: Arial, sans-serif;\n      padding: 20px;\n      background-color: #f9f9f9;\n    }\n\n    .organigramme {\n      display: flex;\n      flex-direction: column;\n      align-items: center;\n    }\n\n    .level {\n      display: flex;\n      justify-content: center;\n      margin: 20px 0;\n      gap: 40px;\n      flex-wrap: wrap;\n    }\n\n    .box {\n      border: 1px solid #333;\n      padding: 15px 25px;\n      background-color: #fff;\n      border-radius: 8px;\n      box-shadow: 2px 2px 5px rgba(0,0,0,0.1);\n      text-align: center;\n      min-width: 150px;\n    }\n\n    .line {\n      width: 2px;\n      background-color: #333;\n      height: 20px;\n      margin: 0 auto;\n    }\n  <\/style>\n<\/head>\n<body>\n\n  <h2>Organigramme du CVLTP<\/h2>\n\n  <div class=\"organigramme\">\n\n    <!-- Pr\u00e9sident -->\n    <div class=\"level\">\n      <div class=\"box\">Pr\u00e9sident Alain DEMESY<\/div>\n    <\/div>\n    <div class=\"line\"><\/div>\n\n    <!-- Vice-Pr\u00e9sident -->\n    <div class=\"level\">\n      <div class=\"box\">Vice-Pr\u00e9sident Jacques BOUIX<\/div>\n    <\/div>\n    <div class=\"line\"><\/div>\n\n    <!-- Bureau ex\u00e9cutif, Secr\u00e9taire, Tr\u00e9sorier, Secr\u00e9taire adjoint -->\n    <div class=\"level\">\n      <div class=\"box\">Bureau ex\u00e9cutif<\/div>\n      <div class=\"box\">Secr\u00e9taire Alexandre VENAILLE<\/div>\n      <div class=\"box\">Tr\u00e9sorier Christophe LEPAGE<\/div>\n      <div class=\"box\">Secr\u00e9taire adjoint Martine CHOMENTOWSKI<\/div>\n    <\/div>\n\n  <\/div>\n\n<\/body>\n<\/html>\n\n\n\n\n<p><\/p>\n","protected":false},"excerpt":{"rendered":"<p>Organigramme du CVLTP Organigramme du CVLTP Pr\u00e9sident Alain DEMESY Vice-Pr\u00e9sident Jacques BOUIX Bureau ex\u00e9cutif Secr\u00e9taire Alexandre VENAILLE Tr\u00e9sorier Christophe LEPAGE [&hellip;]<\/p>\n","protected":false},"author":1,"featured_media":0,"parent":0,"menu_order":0,"comment_status":"closed","ping_status":"closed","template":"","meta":{"site-sidebar-layout":"default","site-content-layout":"","ast-site-content-layout":"default","site-content-style":"default","site-sidebar-style":"default","ast-global-header-display":"","ast-banner-title-visibility":"","ast-main-header-display":"","ast-hfb-above-header-display":"","ast-hfb-below-header-display":"","ast-hfb-mobile-header-display":"","site-post-title":"","ast-breadcrumbs-content":"","ast-featured-img":"","footer-sml-layout":"","theme-transparent-header-meta":"","adv-header-id-meta":"","stick-header-meta":"","header-above-stick-meta":"","header-main-stick-meta":"","header-below-stick-meta":"","astra-migrate-meta-layouts":"default","ast-page-background-enabled":"default","ast-page-background-meta":{"desktop":{"background-color":"var(--ast-global-color-5)","background-image":"","background-repeat":"repeat","background-position":"center center","background-size":"auto","background-attachment":"scroll","background-type":"","background-media":"","overlay-type":"","overlay-color":"","overlay-opacity":"","overlay-gradient":""},"tablet":{"background-color":"","background-image":"","background-repeat":"repeat","background-position":"center center","background-size":"auto","background-attachment":"scroll","background-type":"","background-media":"","overlay-type":"","overlay-color":"","overlay-opacity":"","overlay-gradient":""},"mobile":{"background-color":"","background-image":"","background-repeat":"repeat","background-position":"center center","background-size":"auto","background-attachment":"scroll","background-type":"","background-media":"","overlay-type":"","overlay-color":"","overlay-opacity":"","overlay-gradient":""}},"ast-content-background-meta":{"desktop":{"background-color":"var(--ast-global-color-4)","background-image":"","background-repeat":"repeat","background-position":"center center","background-size":"auto","background-attachment":"scroll","background-type":"","background-media":"","overlay-type":"","overlay-color":"","overlay-opacity":"","overlay-gradient":""},"tablet":{"background-color":"var(--ast-global-color-4)","background-image":"","background-repeat":"repeat","background-position":"center center","background-size":"auto","background-attachment":"scroll","background-type":"","background-media":"","overlay-type":"","overlay-color":"","overlay-opacity":"","overlay-gradient":""},"mobile":{"background-color":"var(--ast-global-color-4)","background-image":"","background-repeat":"repeat","background-position":"center center","background-size":"auto","background-attachment":"scroll","background-type":"","background-media":"","overlay-type":"","overlay-color":"","overlay-opacity":"","overlay-gradient":""}},"footnotes":""},"class_list":["post-176","page","type-page","status-publish","hentry"],"_links":{"self":[{"href":"https:\/\/cvltp.fr\/index.php?rest_route=\/wp\/v2\/pages\/176","targetHints":{"allow":["GET"]}}],"collection":[{"href":"https:\/\/cvltp.fr\/index.php?rest_route=\/wp\/v2\/pages"}],"about":[{"href":"https:\/\/cvltp.fr\/index.php?rest_route=\/wp\/v2\/types\/page"}],"author":[{"embeddable":true,"href":"https:\/\/cvltp.fr\/index.php?rest_route=\/wp\/v2\/users\/1"}],"replies":[{"embeddable":true,"href":"https:\/\/cvltp.fr\/index.php?rest_route=%2Fwp%2Fv2%2Fcomments&post=176"}],"version-history":[{"count":2,"href":"https:\/\/cvltp.fr\/index.php?rest_route=\/wp\/v2\/pages\/176\/revisions"}],"predecessor-version":[{"id":242,"href":"https:\/\/cvltp.fr\/index.php?rest_route=\/wp\/v2\/pages\/176\/revisions\/242"}],"wp:attachment":[{"href":"https:\/\/cvltp.fr\/index.php?rest_route=%2Fwp%2Fv2%2Fmedia&parent=176"}],"curies":[{"name":"wp","href":"https:\/\/api.w.org\/{rel}","templated":true}]}}