{"id":146,"date":"2025-10-08T17:17:15","date_gmt":"2025-10-08T17:17:15","guid":{"rendered":"https:\/\/cvltp.fr\/?page_id=146"},"modified":"2025-10-12T17:13:56","modified_gmt":"2025-10-12T17:13:56","slug":"aides-jeunes-voiles","status":"publish","type":"page","link":"https:\/\/cvltp.fr\/?page_id=146","title":{"rendered":"Aides jeunes voiles"},"content":{"rendered":"\n<p>Votre enfant souhaite s&rsquo;inscrire sur l&rsquo;\u00e9cole de voile de Seigy \/ St-Aignan.<\/p>\n\n\n\n<p>Voici un recensement des aides jeunes soutenant la pratiques de la voile comme sport pour la saison 2024\/2025. Le Club de Voile est \u00e9ligible aux aides suivantes&nbsp;:<\/p>\n\n\n\n<p><img loading=\"lazy\" decoding=\"async\" alt=\"image-20240824234938-5.png\" height=\"31\" src=\"https:\/\/admin.sportsregions.fr\/media\/uploaded\/sites\/13833\/kcupload\/images\/image-20240824234938-5.png\" width=\"55\"><strong>PASS\u2019SPORT \u2013 Minist\u00e8re des Sports<\/strong><strong>\u00e0<\/strong><strong> aide de 50 <\/strong>\u20ac<strong>&nbsp;<\/strong><\/p>\n\n\n\n<ul class=\"wp-block-list\">\n<li>Jeune de 6 \u00e0 17 ans b\u00e9n\u00e9ficiant de l\u2019allocation de rentr\u00e9e scolaire (ARS) \u00a0ou AAEH ou boursiers<\/li>\n\n\n\n<li>Test \u00e9ligiblit\u00e9 ici\u00a0: <a href=\"https:\/\/pass.sports.gouv.fr\/decouvrir-le-passsport\/\" target=\"_blank\" rel=\"noreferrer noopener\">https:\/\/pass.sports.gouv.fr\/decouvrir-le-passspor<\/a><\/li>\n<\/ul>\n\n\n\n<figure class=\"wp-block-image\"><img decoding=\"async\" src=\"https:\/\/admin.sportsregions.fr\/media\/uploaded\/sites\/13833\/kcupload\/images\/image-20240824235901-6.jpeg\" alt=\"image-20240824235901-6.jpeg\"\/><\/figure>\n\n\n\n<p><img loading=\"lazy\" decoding=\"async\" alt=\"image-20240824234938-5.png\" height=\"31\" src=\"https:\/\/admin.sportsregions.fr\/media\/uploaded\/sites\/13833\/kcupload\/images\/image-20240824234938-5.png\" width=\"55\"><strong>CHEQUE SPORT 41<\/strong><strong> \u2013 Conseil D\u00e9partemental Loir-et-Cher <\/strong><strong>\u00e0<\/strong><strong> aide de 41 <\/strong>\u20ac<\/p>\n\n\n\n<ul class=\"wp-block-list\">\n<li>Jeunes de 8 \u00e0 18 ans domicili\u00e9s en Loir-et-Cher pour toute 1ere inscription voile<\/li>\n\n\n\n<li><a href=\"https:\/\/mesdemarches.departement41.fr\/catalogue\/15939\/\" target=\"_blank\" rel=\"noreferrer noopener\">https:\/\/mesdemarches.departement41.fr\/catalogue\/15939\/<\/a><\/li>\n<\/ul>\n\n\n\n<figure class=\"wp-block-image\"><img decoding=\"async\" src=\"https:\/\/admin.sportsregions.fr\/media\/uploaded\/sites\/13833\/kcupload\/images\/image-20240824235957-7.jpeg\" alt=\"image-20240824235957-7.jpeg\"\/><\/figure>\n\n\n\n<p><img loading=\"lazy\" decoding=\"async\" alt=\"image-20240824234938-5.png\" height=\"31\" src=\"https:\/\/admin.sportsregions.fr\/media\/uploaded\/sites\/13833\/kcupload\/images\/image-20240824234938-5.png\" width=\"55\"><strong>YEPS \u2013 R\u00e9gion Centre-Val de Loire<\/strong><strong>\u00e0<\/strong>Aide de 20\u20ac<\/p>\n\n\n\n<ul class=\"wp-block-list\">\n<li>Jeunes de 15 \u00e0 25 ans scolaris\u00e9s ou domicili\u00e9s en Centre-Val de Loire<\/li>\n\n\n\n<li><a href=\"https:\/\/www.yeps.fr\/offre\/une-aide-pour-financer-votre-pratique-sportive\/\" target=\"_blank\" rel=\"noreferrer noopener\">https:\/\/www.yeps.fr\/offre\/une-aide-pour-financer-votre-pratique-sportive\/<\/a><\/li>\n<\/ul>\n\n\n\n<figure class=\"wp-block-image\"><img decoding=\"async\" src=\"https:\/\/admin.sportsregions.fr\/media\/uploaded\/sites\/13833\/kcupload\/images\/image-20240825000143-8.jpeg\" alt=\"image-20240825000143-8.jpeg\"\/><\/figure>\n\n\n\n<p><img loading=\"lazy\" decoding=\"async\" alt=\"image-20240824234938-5.png\" height=\"31\" src=\"https:\/\/admin.sportsregions.fr\/media\/uploaded\/sites\/13833\/kcupload\/images\/image-20240824234938-5.png\" width=\"55\">&nbsp;<strong>PASS jeunes ACTIVIT\u00c9 communale<\/strong><\/p>\n\n\n\n<p>Certaines COMMUNES DE RESIDENCE encouragent les pratiques sportives des jeunes. N&rsquo;h\u00e9sitez pas \u00e0 vous renseigner aupr\u00e8s de votre ville si une aide existe.<\/p>\n\n\n\n<ul class=\"wp-block-list\">\n<li>Exemple Ville de Saint-Aignan<strong> <\/strong><strong>\u00e0<\/strong>Aide de 15\u20ac \u00e0\u00a0 70\u20ac<\/li>\n\n\n\n<li>Pour les enfants de 6 \u00e0 15 ans :\u00a0 <a href=\"https:\/\/www.ville-saintaignan.com\/upload\/modules\/media_manager\/pass_activite_general_2023.pdf\" target=\"_blank\" rel=\"noreferrer noopener\">https:\/\/www.ville-saintaignan.com\/upload\/modules\/media_manager\/pass_activite_general_2023.pdf<\/a><\/li>\n<\/ul>\n\n\n\n<p><\/p>\n","protected":false},"excerpt":{"rendered":"<p>Votre enfant souhaite s&rsquo;inscrire sur l&rsquo;\u00e9cole de voile de Seigy \/ St-Aignan. Voici un recensement des aides jeunes soutenant la [&hellip;]<\/p>\n","protected":false},"author":1,"featured_media":0,"parent":0,"menu_order":0,"comment_status":"closed","ping_status":"closed","template":"","meta":{"site-sidebar-layout":"default","site-content-layout":"","ast-site-content-layout":"default","site-content-style":"default","site-sidebar-style":"default","ast-global-header-display":"","ast-banner-title-visibility":"","ast-main-header-display":"","ast-hfb-above-header-display":"","ast-hfb-below-header-display":"","ast-hfb-mobile-header-display":"","site-post-title":"","ast-breadcrumbs-content":"","ast-featured-img":"","footer-sml-layout":"","theme-transparent-header-meta":"","adv-header-id-meta":"","stick-header-meta":"","header-above-stick-meta":"","header-main-stick-meta":"","header-below-stick-meta":"","astra-migrate-meta-layouts":"default","ast-page-background-enabled":"default","ast-page-background-meta":{"desktop":{"background-color":"var(--ast-global-color-5)","background-image":"","background-repeat":"repeat","background-position":"center center","background-size":"auto","background-attachment":"scroll","background-type":"","background-media":"","overlay-type":"","overlay-color":"","overlay-opacity":"","overlay-gradient":""},"tablet":{"background-color":"","background-image":"","background-repeat":"repeat","background-position":"center center","background-size":"auto","background-attachment":"scroll","background-type":"","background-media":"","overlay-type":"","overlay-color":"","overlay-opacity":"","overlay-gradient":""},"mobile":{"background-color":"","background-image":"","background-repeat":"repeat","background-position":"center center","background-size":"auto","background-attachment":"scroll","background-type":"","background-media":"","overlay-type":"","overlay-color":"","overlay-opacity":"","overlay-gradient":""}},"ast-content-background-meta":{"desktop":{"background-color":"var(--ast-global-color-4)","background-image":"","background-repeat":"repeat","background-position":"center center","background-size":"auto","background-attachment":"scroll","background-type":"","background-media":"","overlay-type":"","overlay-color":"","overlay-opacity":"","overlay-gradient":""},"tablet":{"background-color":"var(--ast-global-color-4)","background-image":"","background-repeat":"repeat","background-position":"center center","background-size":"auto","background-attachment":"scroll","background-type":"","background-media":"","overlay-type":"","overlay-color":"","overlay-opacity":"","overlay-gradient":""},"mobile":{"background-color":"var(--ast-global-color-4)","background-image":"","background-repeat":"repeat","background-position":"center center","background-size":"auto","background-attachment":"scroll","background-type":"","background-media":"","overlay-type":"","overlay-color":"","overlay-opacity":"","overlay-gradient":""}},"footnotes":""},"class_list":["post-146","page","type-page","status-publish","hentry"],"_links":{"self":[{"href":"https:\/\/cvltp.fr\/index.php?rest_route=\/wp\/v2\/pages\/146","targetHints":{"allow":["GET"]}}],"collection":[{"href":"https:\/\/cvltp.fr\/index.php?rest_route=\/wp\/v2\/pages"}],"about":[{"href":"https:\/\/cvltp.fr\/index.php?rest_route=\/wp\/v2\/types\/page"}],"author":[{"embeddable":true,"href":"https:\/\/cvltp.fr\/index.php?rest_route=\/wp\/v2\/users\/1"}],"replies":[{"embeddable":true,"href":"https:\/\/cvltp.fr\/index.php?rest_route=%2Fwp%2Fv2%2Fcomments&post=146"}],"version-history":[{"count":2,"href":"https:\/\/cvltp.fr\/index.php?rest_route=\/wp\/v2\/pages\/146\/revisions"}],"predecessor-version":[{"id":233,"href":"https:\/\/cvltp.fr\/index.php?rest_route=\/wp\/v2\/pages\/146\/revisions\/233"}],"wp:attachment":[{"href":"https:\/\/cvltp.fr\/index.php?rest_route=%2Fwp%2Fv2%2Fmedia&parent=146"}],"curies":[{"name":"wp","href":"https:\/\/api.w.org\/{rel}","templated":true}]}}